ons digit of 97682322?
7
What is the hundreds digit of 60788150?
1
What is the billions digit of 1247794516?
1
What is the ten millions digit of 5914902340?
1
What is the thousands digit of 455128792?
8
What is the hundreds digit of 8226912339?
3
What is the tens digit of 493692327?
2
What is the millions digit of 252234716?
2
What is the hundreds digit of 947672254?
2
What is the hundreds digit of 74182501?
5
What is the thousands digit of 979159390?
9
What is the tens digit of 1281480?
8
What is the ten thousands digit of 28489991?
8
What is the hundred millions digit of 879485626?
8
What is the thousands digit of 37136699?
6
What is the thousands digit of 2192242489?
2
What is the tens digit of 23260205?
0
What is the hundred millions digit of 123095949?
1
What is the ten thousands digit of 1562473852?
7
What is the hundred thousands digit of 2192984629?
9
What is the billions digit of 2614695468?
2
What is the ten millions digit of 72332775?
7
What is the millions digit of 111519029?
1
What is the hundred thousands digit of 2548734450?
7
What is the hundred millions digit of 1878993209?
8
What is the ten thousands digit of 83885307?
8
What is the tens digit of 6176431795?
9
What is the hundreds digit of 812168502?
5
What is the hundred thousands digit of 28657808?
6
What is the thousands digit of 2295639?
5
What is the tens digit of 388623675?
7
What is the ten thousands digit of 5582693985?
9
What is the tens digit of 35212508?
0
What is the units digit of 130325581?
1
What is the hundred thousands digit of 241861?
2
What is the millions digit of 439164813?
9
What is the hundred thousands digit of 111680206?
6
What is the hundred thousands digit of 2111351?
1
What is the ten millions digit of 312728809?
1
What is the units digit of 257701268?
8
What is the millions digit of 127083190?
7
What is the thousands digit of 1023989217?
9
What is the hundred thousands digit of 69214390?
2
What is the ten millions digit of 422431017?
2
What is the ten millions digit of 255149018?
5
What is the units digit of 6901624?
4
What is the tens digit of 75729939?
3
What is the ten thousands digit of 23503453?
0
What is the millions digit of 344421057?
4
What is the ten millions digit of 1865529950?
6
What is the thousands digit of 2642389861?
9
What is the millions digit of 1677061167?
7
What is the billions digit of 1036721124?
1
What is the tens digit of 102225984?
8
What is the units digit of 3454671531?
1
What is the ten thousands digit of 48675201?
7
What is the ten millions digit of 10383966?
1
What is the tens digit of 61213292?
9
What is the hundreds digit of 1209152602?
6
What is the hundred millions digit of 569943669?
5
What is the hundred millions digit of 1983195385?
9
What is the millions digit of 44096487?
4
What is the hundreds digit of 48768788?
7
What is the ten millions digit of 23922544?
2
What is the units digit of 35088035?
5
What is the tens digit of 60647296?
9
What is the ten millions digit of 74109223?
7
What is the tens digit of 9260840?
4
What is the thousands digit of 44732435?
2
What is the units digit of 1860413131?
1
What is the hundreds digit of 29229837?
8
What is the ten thousands digit of 12940694?
4
What is the millions digit of 59027000?
9
What is the ten millions digit of 14888850?
1
What is the hundreds digit of 2769149757?
7
What is the hundreds digit of 3143712342?
3
What is the thousands digit of 183528056?
8
What is the hundred millions digit of 190988997?
1
What is the ten millions digit of 402908880?
0
What is the ten thousands digit of 413099279?
9
What is the hundred millions digit of 475899637?
4
What is the tens digit of 357916271?
7
What is the ten thousands digit of 953838502?
3
What is the units digit of 224805180?
0
What is the billions digit of 1527814136?
1
What is the ten millions digit of 42037957?
4
What is the billions digit of 1518229295?
1
What is the hundreds digit of 663185581?
5
What is the millions digit of 80004227?
0
What is the hundreds digit of 1249983949?
9
What is the hundreds digit of 3074130?
1
What is the thousands digit of 186635246?
5
What is the hundreds digit of 571292130?
1
What is the ten millions digit of 196171298?
9
What is the hundreds digit of 40265804?
8
What is the hundred millions digit of 1237091671?
2
What is the hundred millions digit of 1174622468?
1
What is the ten millions digit of 2114371092?
1
What is the hundred thousands digit of 236274121?
2
What is the billions digit of 2230000036?
2
What is the ten thousands digit of 179147575?
4
What is the hundred millions digit of 1836141215?
8
What is the millions digit of 172214827?
2
What is the tens digit of 594280523?
2
What is the hundred thousands digit of 84767816?
7
What is the units digit of 213611559?
9
What is the ten millions digit of 41707565?
4
What is the tens digit of 122743126?
2
What is the tens digit of 1648391497?
9
What is the thousands digit of 2864068079?
8
What is the millions digit of 1098224087?
8
What is the hundred thousands digit of 3085682932?
6
What is the thousands digit of 54877613?
7
What is the hundred millions digit of 188464695?
1
What is the hundreds digit of 2492169949?
9
What is the ten millions digit of 49834535?
4
What is the billions digit of 3402544184?
3
What is the units digit of 2463987788?
8
What is the millions digit of 2820752061?
0
What is the thousands digit of 426357541?
7
What is the hundred millions digit of 124129156?
1
What is the ten millions digit of 17312222?
1
What is the thousands digit of 87951900?
1
What is the tens digit of 268492279?
7
What is the units digit of 71141427?
7
What is the hundreds digit of 148610980?
9
What is the hundred thousands digit of 88630018?
6
What is the units digit of 283972698?
8
What is the tens digit of 174301775?
7
What is the hundred thousands digit of 96592353?
5
What is the tens digit of 122242918?
1
What is the ten thousands digit of 6574124?
7
What is the ten thousands digit of 61869107?
6
What is the ten millions digit of 786811700?
8
What is the ten thousands digit of 1216342594?
4
What is the ten thousands digit of 103937824?
3
What is the units digit of 39460288?
8
What is the millions digit of 95617403?
5
What is the tens digit of 200703377?
7
What is the units digit of 113314645?
5
What is the thousands digit of 1355685249?
5
What is the ten thousands digit of 27320841?
2
What is the ten thousands digit of 165450775?
5
What is the ten thousands digit of 407831152?
3
What is the hundreds digit of 14818730?
7
What is the hundred thousands digit of 2274688?
2
What is the hundreds digit of 637129791?
7
What is the hundred thousands digit of 69506477?
5
What is the hundred thousands digit of 399203744?
2
What is the ten thousands digit of 242004438?
0
What is the hundred millions digit of 492047205?
4
What is the thousands digit of 61101490?
1
What is the hundred thousands digit of 77202077?
2
What is the units digit of 313852644?
4
What is the hundreds digit of 6731514?
5
What is the ten millions digit of 84488947?
8
What is the millions digit of 36252675?
6
What is the tens digit of 110477350?
5
What is the thousands digit of 2903532998?
2
What is the ten millions digit of 634652409?
3
What is the thousands digit of 662889658?
9
What is the hundred thousands digit of 355355730?
3
What is the hundred thousands digit of 12424890?
4
What is the hundred millions digit of 1303740095?
3
What is the units digit of 563841598?
8
What is the millions digit of 1853639568?
3
What is the tens digit of 16605630?
3
What is the hundred thousands digit of 24991685?
9
What is the hundred millions digit of 120352035?
1
What is the millions digit of 23867309?
3
What is the ten millions digit of 630613725?
3
What is the ten thousands digit of 2623363926?
6
What is the tens digit of 105627935?
3
What is the hundreds digit of 52681017?
0
What is the hundreds digit of 211184405?
4
What is the tens digit of 60899273?
7
What is the hundred thousands digit of 2382780982?
7
What is the hundreds digit of 814118028?
0
What is the ten millions digit of 150804131?
5
What is the hundreds digit of 300154031?
0
What is the thousands digit of 52542654?
2
What is the hundreds digit of 99084767?
7
What is the thousands digit of 299792670?
2
What is t